{"id":4177,"date":"2015-08-21T13:30:59","date_gmt":"2015-08-21T11:30:59","guid":{"rendered":"http:\/\/www.radio-adapter.eu\/blog\/produkt\/opel-corsa-c-lautsprecher-2-wege-system-tuere-vorne\/"},"modified":"2020-01-19T18:48:24","modified_gmt":"2020-01-19T17:48:24","slug":"opel-corsa-d-lautsprecher-2-wege-system-tuere-vorne","status":"publish","type":"product","link":"https:\/\/www.radio-adapter.eu\/blog\/produkt\/opel-corsa-d-lautsprecher-2-wege-system-tuere-vorne\/","title":{"rendered":"Opel Corsa D Lautsprecher 2 Wege System T\u00fcre vorne"},"content":{"rendered":"<p>Dieses Lautsprechersystem kann in Opel Corsa D von 2006 \u2013 2014 verwendet werden. Das <strong>Opel Corsa D Lautsprecher 2 Wege System T\u00fcre vorne<\/strong> erm\u00f6glicht den Austausch der originalen Lautsprecher, es werden wieder die gleichen Einbaupl\u00e4tze verwendet. Die Lautsprecher verschwinden unter der T\u00fcrverkleidung und sind von au\u00dfen nicht sichtbar.<\/p>\n<p>Es werden soweit wie m\u00f6glich die originalen Lautsprecherkabel ab Werk in den T\u00fcren genutzt um das System zu verkabeln. In dem\u00a0<em>Opel Corsa D Lautsprecher 2 Wege System T\u00fcre vorne<\/em> sind alle Notwendigen Lautsprecher und Adapter enthalten um den Einbau zu bewerkstelligen.<\/p>\n<p>&nbsp;<\/p>\n<h2>Die Lautsprecher Gr\u00f6\u00dfen im Opel Corsa D vorne<\/h2>\n<p>In den vorderen T\u00fcren ist ein zwei Wege System mit 16,5 cm Tieft\u00f6ner verbaut und separaten Hocht\u00f6nern in den Spiegeldreiecken.<\/p>\n<h2>Die Lautsprecher Gr\u00f6\u00dfen im Opel Corsa C hinten<\/h2>\n<p>In den hinteren Einbaupl\u00e4tzen sind Breitband Lautsprecher mit 13 cm Tieft\u00f6ner verbaut.<\/p>\n<h2>Lieferumfang: Opel Corsa D Lautsprecher 2 Wege System T\u00fcre vorne<\/h2>\n<p>&nbsp;<\/p>\n<ul>\n<li>1 x Zwei Wege Lautsprechersystem und externe Hocht\u00f6nern f\u00fcr die vorderen Einbaupl\u00e4tze in den T\u00fcren<\/li>\n<li>1 x Lautsprecherringe Einbau in den vorderen Einbaupl\u00e4tze in den T\u00fcren<\/li>\n<li>1 x Lautsprecheradapterkabel hinteren vorderen Einbaupl\u00e4tze in den T\u00fcren<\/li>\n<\/ul>\n<p>&nbsp;<\/p>\n<p><strong>Alle Lautsprechersysteme werden immer paarweise geliefert!<\/strong><\/p>\n<p>Das Einbauset Opel Corsa D Lautsprecher 2 Wege System T\u00fcre vorne verf\u00fcgt \u00fcber einen sehr hohen Wirkungsgrad und ist auch f\u00fcr den Normalbetrieb am Autoradio ohne weitere Verst\u00e4rker geeignet!<\/p>\n<p>Das Set\u00a0<em>Opel Corsa D Lautsprecher 2 Wege System T\u00fcre vorne<\/em> ist f\u00fcr fahrzeugspezifische Installationen geeignet, es verschwindet hinter der T\u00fcrverkleidung und ist von au\u00dfen nicht zu sehen.<\/p>\n<p>&nbsp;<\/p>\n<p>&nbsp;<\/p>\n<p>Technische Daten: Hertz MPK165.3<\/p>\n<p><img loading=\"lazy\" decoding=\"async\" width=\"444\" height=\"732\" class=\"alignalignnone size-full wp-image-9050\" src=\"http:\/\/www.radio-adapter.eu\/blog\/wp-content\/uploads\/2016\/01\/HertzMPKpro-technische-details.jpg\" \/><\/p>\n<p>&nbsp;<\/p>\n<p>Der Vergleich zum Tieft\u00f6nern vorne die ab Werk eingebaut sind<\/p>\n<p><a href=\"http:\/\/www.radio-adapter.eu\/blog\/wp-content\/uploads\/2015\/08\/Beispiel-Opel-Corsa-C-Lautsprecher-Original-oder-Neu-Fusion.jpg\"><img loading=\"lazy\" decoding=\"async\" width=\"500\" height=\"300\" class=\"alignalignnone size-full wp-image-4178\" src=\"http:\/\/www.radio-adapter.eu\/blog\/wp-content\/uploads\/2015\/08\/Beispiel-Opel-Corsa-C-Lautsprecher-Original-oder-Neu-Fusion.jpg\" alt=\"Beispiel Opel Corsa C Lautsprecher Original oder Neu Fusion\" srcset=\"https:\/\/www.radio-adapter.eu\/blog\/wp-content\/uploads\/2015\/08\/Beispiel-Opel-Corsa-C-Lautsprecher-Original-oder-Neu-Fusion.jpg 500w, https:\/\/www.radio-adapter.eu\/blog\/wp-content\/uploads\/2015\/08\/Beispiel-Opel-Corsa-C-Lautsprecher-Original-oder-Neu-Fusion-236x142.jpg 236w, https:\/\/www.radio-adapter.eu\/blog\/wp-content\/uploads\/2015\/08\/Beispiel-Opel-Corsa-C-Lautsprecher-Original-oder-Neu-Fusion-300x180.jpg 300w, https:\/\/www.radio-adapter.eu\/blog\/wp-content\/uploads\/2015\/08\/Beispiel-Opel-Corsa-C-Lautsprecher-Original-oder-Neu-Fusion-480x288.jpg 480w, https:\/\/www.radio-adapter.eu\/blog\/wp-content\/uploads\/2015\/08\/Beispiel-Opel-Corsa-C-Lautsprecher-Original-oder-Neu-Fusion-151x91.jpg 151w, https:\/\/www.radio-adapter.eu\/blog\/wp-content\/uploads\/2015\/08\/Beispiel-Opel-Corsa-C-Lautsprecher-Original-oder-Neu-Fusion-275x165.jpg 275w\" sizes=\"auto, (max-width: 500px) 100vw, 500px\" \/><\/a><\/p>\n<p>&nbsp;<\/p>\n<p>&nbsp;<\/p>\n<p>&nbsp;<\/p>\n<p>Gratis Lautsprecher Einbau Anleitung.<\/p>\n<p><a href=\"http:\/\/www.radio-adapter.eu\/blog\/opel-corsa-d-lautsprecher-wechseln-den-vorderen-tueren\/\">Opel Corsa D Lautsprecher wechseln<\/a><\/p>\n<p>Beachten Sie die <a href=\"http:\/\/www.radio-adapter.eu\/blog\/einbauanleitungen\/\" target=\"_blank\" rel=\"noopener noreferrer\">Auto Lautsprecher Einbauanleitungen<\/a> f\u00fcr\u00a0<em>Opel Corsa D Lautsprecher 2 Wege System T\u00fcre vorne<\/em> um zu einen guten Ergebnis zu kommen.\u00a0 Als Grundausstattung f\u00fcr die eine eigene Installation sollte das passende Werkzeug vorhanden sein. Das Resultat des Einbaus h\u00e4ngt von den handwerklichen F\u00e4higkeiten des Anwenders ab.<\/p>\n<p>Die Schritte der Demontage der T\u00fcrverkleidung und das Entfernen der originalen Lautsprecher werden in den Anleitungen beschrieben. Die originalen Werkslautsprecher in dem jeweiligen Fahrzeug sind mit Ringen aus Kunststoff an die T\u00fcrbleche genietet. Die originalen Werkslautsprecher m\u00fcssen mit den Halterungen ausgebohrt werden um die neuen Lautsprecher mit den im Lieferumfang enthaltenen Lautsprecherringen zu montieren.<\/p>\n<p>F\u00fcr die meisten Fahrzeugtypen und den passenden Lautsprecher Einbausets sind Einbauanleitungen vorhanden. Die Anleitungen sind ohne Gew\u00e4hr und von der handwerklichen F\u00e4higkeit des Monteurs abh\u00e4ngig. Unsachgem\u00e4\u00dfer Einbau f\u00fchrt zu einem schlechten Ergebnis im Klang und Pegel.<\/p>\n<p>&nbsp;<\/p>\n<p>&nbsp;<\/p>\n<p>&nbsp;<\/p>\n<p>&nbsp;<\/p>\n<p>&nbsp;<\/p>\n<p>&nbsp;<\/p>\n<p>&nbsp;<\/p>\n<p>&nbsp;<\/p>\n<p>&nbsp;<\/p>\n<p>&nbsp;<\/p>\n","protected":false},"excerpt":{"rendered":"<p>Dieses <a href=\"http:\/\/www.radio-adapter.eu\/blog\/produkt-kategorie\/auto-lautsprecher-einbausets\/\" target=\"_blank\" rel=\"noopener noreferrer\">Auto Lautsprecher Einbauset<\/a>, <em>Opel Corsa D Lautsprecher 2 Wege System T\u00fcre vorne<\/em> ist f\u00fcr den Austausch des Standard Lautsprechersystems in <em>Opel Corsa D von 2006 &#8211; 2014 <\/em>geeignet. Im Lieferumfang sind alle Lautsprecher und dazugeh\u00f6rigen Kabel und Einbaurringe enthalten.<\/p>\n","protected":false},"featured_media":9057,"comment_status":"open","ping_status":"closed","template":"","meta":{"jetpack_post_was_ever_published":false,"jetpack_publicize_message":"","jetpack_publicize_feature_enabled":true,"jetpack_social_post_already_shared":true,"jetpack_social_options":{"image_generator_settings":{"template":"highway","default_image_id":0,"font":"","enabled":false},"version":2}},"product_brand":[],"product_cat":[2349,2786,2785],"product_tag":[3472,3473,3475,3476,3477,3474],"class_list":{"0":"post-4177","1":"product","2":"type-product","3":"status-publish","4":"has-post-thumbnail","6":"product_cat-auto-lautsprecher-einbausets","7":"product_cat-opel-corsa-c-lautsprecher-einbausets","8":"product_cat-opel-lautsprecher-einbausets","9":"product_tag-die-lautsprecher-groessen-im-opel-corsa-d-hinten","10":"product_tag-die-lautsprecher-groessen-im-opel-corsa-d-vorne","11":"product_tag-lautsprecher-einbauset-testsieger-opel-corsa-d","12":"product_tag-lautsprechersystem-fuer-opel-corsa-d","13":"product_tag-neue-lautsprecher-fuer-opel-corsa-d","14":"product_tag-opel-corsa-d-standard-lautsprechersystem-tauschen","15":"product_shipping_class-auto-lautsprecher-paarweise","17":"first","18":"instock","19":"taxable","20":"shipping-taxable","21":"purchasable","22":"product-type-simple"},"jetpack_publicize_connections":[],"jetpack_sharing_enabled":true,"jetpack_likes_enabled":true,"_links":{"self":[{"href":"https:\/\/www.radio-adapter.eu\/blog\/wp-json\/wp\/v2\/product\/4177","targetHints":{"allow":["GET"]}}],"collection":[{"href":"https:\/\/www.radio-adapter.eu\/blog\/wp-json\/wp\/v2\/product"}],"about":[{"href":"https:\/\/www.radio-adapter.eu\/blog\/wp-json\/wp\/v2\/types\/product"}],"replies":[{"embeddable":true,"href":"https:\/\/www.radio-adapter.eu\/blog\/wp-json\/wp\/v2\/comments?post=4177"}],"wp:featuredmedia":[{"embeddable":true,"href":"https:\/\/www.radio-adapter.eu\/blog\/wp-json\/wp\/v2\/media\/9057"}],"wp:attachment":[{"href":"https:\/\/www.radio-adapter.eu\/blog\/wp-json\/wp\/v2\/media?parent=4177"}],"wp:term":[{"taxonomy":"product_brand","embeddable":true,"href":"https:\/\/www.radio-adapter.eu\/blog\/wp-json\/wp\/v2\/product_brand?post=4177"},{"taxonomy":"product_cat","embeddable":true,"href":"https:\/\/www.radio-adapter.eu\/blog\/wp-json\/wp\/v2\/product_cat?post=4177"},{"taxonomy":"product_tag","embeddable":true,"href":"https:\/\/www.radio-adapter.eu\/blog\/wp-json\/wp\/v2\/product_tag?post=4177"}],"curies":[{"name":"wp","href":"https:\/\/api.w.org\/{rel}","templated":true}]}}

Opel Corsa D Lautsprecher 2 Wege System Türe vorne

<p>Dieses Lautsprechersystem kann in Opel Corsa D von 2006 – 2014 verwendet werden. Das <strong>Opel Corsa D Lautsprecher 2 Wege System Türe vorne</strong> ermöglicht den Austausch der originalen Lautsprecher, es werden wieder die gleichen Einbauplätze verwendet. Die Lautsprecher verschwinden unter der Türverkleidung und sind von außen nicht sichtbar.</p>
<p>Es werden soweit wie möglich die originalen Lautsprecherkabel ab Werk in den Türen genutzt um das System zu verkabeln. In dem <em>Opel Corsa D Lautsprecher 2 Wege System Türe vorne</em> sind alle Notwendigen Lautsprecher und Adapter enthalten um den Einbau zu bewerkstelligen.</p>
<p>&nbsp;</p>
<h2>Die Lautsprecher Größen im Opel Corsa D vorne</h2>
<p>In den vorderen Türen ist ein zwei Wege System mit 16,5 cm Tieftöner verbaut und separaten Hochtönern in den Spiegeldreiecken.</p>
<h2>Die Lautsprecher Größen im Opel Corsa C hinten</h2>
<p>In den hinteren Einbauplätzen sind Breitband Lautsprecher mit 13 cm Tieftöner verbaut.</p>
<h2>Lieferumfang: Opel Corsa D Lautsprecher 2 Wege System Türe vorne</h2>
<p>&nbsp;</p>
<ul>
<li>1 x Zwei Wege Lautsprechersystem und externe Hochtönern für die vorderen Einbauplätze in den Türen</li>
<li>1 x Lautsprecherringe Einbau in den vorderen Einbauplätze in den Türen</li>
<li>1 x Lautsprecheradapterkabel hinteren vorderen Einbauplätze in den Türen</li>
</ul>
<p>&nbsp;</p>
<p><strong>Alle Lautsprechersysteme werden immer paarweise geliefert!</strong></p>
<p>Das Einbauset Opel Corsa D Lautsprecher 2 Wege System Türe vorne verfügt über einen sehr hohen Wirkungsgrad und ist auch für den Normalbetrieb am Autoradio ohne weitere Verstärker geeignet!</p>
<p>Das Set <em>Opel Corsa D Lautsprecher 2 Wege System Türe vorne</em> ist für fahrzeugspezifische Installationen geeignet, es verschwindet hinter der Türverkleidung und ist von außen nicht zu sehen.</p>
<p>&nbsp;</p>
<p>&nbsp;</p>
<p>Technische Daten: Hertz MPK165.3</p>
<p><img loading="lazy" decoding="async" width="444" height="732" class="alignalignnone size-full wp-image-9050" src="http://www.radio-adapter.eu/blog/wp-content/uploads/2016/01/HertzMPKpro-technische-details.jpg" /></p>
<p>&nbsp;</p>
<p>Der Vergleich zum Tieftönern vorne die ab Werk eingebaut sind</p>
<p><a href="http://www.radio-adapter.eu/blog/wp-content/uploads/2015/08/Beispiel-Opel-Corsa-C-Lautsprecher-Original-oder-Neu-Fusion.jpg"><img loading="lazy" decoding="async" width="500" height="300" class="alignalignnone size-full wp-image-4178" src="http://www.radio-adapter.eu/blog/wp-content/uploads/2015/08/Beispiel-Opel-Corsa-C-Lautsprecher-Original-oder-Neu-Fusion.jpg" alt="Beispiel Opel Corsa C Lautsprecher Original oder Neu Fusion" srcset="https://www.radio-adapter.eu/blog/wp-content/uploads/2015/08/Beispiel-Opel-Corsa-C-Lautsprecher-Original-oder-Neu-Fusion.jpg 500w, https://www.radio-adapter.eu/blog/wp-content/uploads/2015/08/Beispiel-Opel-Corsa-C-Lautsprecher-Original-oder-Neu-Fusion-236x142.jpg 236w, https://www.radio-adapter.eu/blog/wp-content/uploads/2015/08/Beispiel-Opel-Corsa-C-Lautsprecher-Original-oder-Neu-Fusion-300x180.jpg 300w, https://www.radio-adapter.eu/blog/wp-content/uploads/2015/08/Beispiel-Opel-Corsa-C-Lautsprecher-Original-oder-Neu-Fusion-480x288.jpg 480w, https://www.radio-adapter.eu/blog/wp-content/uploads/2015/08/Beispiel-Opel-Corsa-C-Lautsprecher-Original-oder-Neu-Fusion-151x91.jpg 151w, https://www.radio-adapter.eu/blog/wp-content/uploads/2015/08/Beispiel-Opel-Corsa-C-Lautsprecher-Original-oder-Neu-Fusion-275x165.jpg 275w" sizes="auto, (max-width: 500px) 100vw, 500px" /></a></p>
<p>&nbsp;</p>
<p>&nbsp;</p>
<p>&nbsp;</p>
<p>Gratis Lautsprecher Einbau Anleitung.</p>
<p><a href="http://www.radio-adapter.eu/blog/opel-corsa-d-lautsprecher-wechseln-den-vorderen-tueren/">Opel Corsa D Lautsprecher wechseln</a></p>
<p>Beachten Sie die <a href="http://www.radio-adapter.eu/blog/einbauanleitungen/" target="_blank" rel="noopener noreferrer">Auto Lautsprecher Einbauanleitungen</a> für <em>Opel Corsa D Lautsprecher 2 Wege System Türe vorne</em> um zu einen guten Ergebnis zu kommen.  Als Grundausstattung für die eine eigene Installation sollte das passende Werkzeug vorhanden sein. Das Resultat des Einbaus hängt von den handwerklichen Fähigkeiten des Anwenders ab.</p>
<p>Die Schritte der Demontage der Türverkleidung und das Entfernen der originalen Lautsprecher werden in den Anleitungen beschrieben. Die originalen Werkslautsprecher in dem jeweiligen Fahrzeug sind mit Ringen aus Kunststoff an die Türbleche genietet. Die originalen Werkslautsprecher müssen mit den Halterungen ausgebohrt werden um die neuen Lautsprecher mit den im Lieferumfang enthaltenen Lautsprecherringen zu montieren.</p>
<p>Für die meisten Fahrzeugtypen und den passenden Lautsprecher Einbausets sind Einbauanleitungen vorhanden. Die Anleitungen sind ohne Gewähr und von der handwerklichen Fähigkeit des Monteurs abhängig. Unsachgemäßer Einbau führt zu einem schlechten Ergebnis im Klang und Pegel.</p>
<p>&nbsp;</p>
<p>&nbsp;</p>
<p>&nbsp;</p>
<p>&nbsp;</p>
<p>&nbsp;</p>
<p>&nbsp;</p>
<p>&nbsp;</p>
<p>&nbsp;</p>
<p>&nbsp;</p>
<p>&nbsp;</p>

<p>Dieses <a href="http://www.radio-adapter.eu/blog/produkt-kategorie/auto-lautsprecher-einbausets/" target="_blank" rel="noopener noreferrer">Auto Lautsprecher Einbauset</a>, <em>Opel Corsa D Lautsprecher 2 Wege System Türe vorne</em> ist für den Austausch des Standard Lautsprechersystems in <em>Opel Corsa D von 2006 &#8211; 2014 </em>geeignet. Im Lieferumfang sind alle Lautsprecher und dazugehörigen Kabel und Einbaurringe enthalten.</p>
