{"id":4122,"date":"2015-08-20T19:57:48","date_gmt":"2015-08-20T17:57:48","guid":{"rendered":"http:\/\/www.radio-adapter.eu\/blog\/produkt\/ford-c-max-lautsprecher-ersatz-tuerlautsprecher-3-wege\/"},"modified":"2024-03-11T01:10:34","modified_gmt":"2024-03-11T00:10:34","slug":"ford-c-max-lautsprecher-ersatz-tuerlautsprecher-2-wege-vorne","status":"publish","type":"product","link":"https:\/\/www.radio-adapter.eu\/blog\/produkt\/ford-c-max-lautsprecher-ersatz-tuerlautsprecher-2-wege-vorne\/","title":{"rendered":"Ford C-Max Lautsprecher Ersatz T\u00fcrlautsprecher 2 Wege vorne"},"content":{"rendered":"<p>Diese Ersatz T\u00fcrlautsprecher kann in\u00a0<em>Ford C-Max <\/em>von 2004 \u2013 2010 verwendet werden. Das\u00a0<strong>Ford C-Max Lautsprecher Ersatz T\u00fcrlautsprecher 2 Wege vorne<\/strong> erm\u00f6glicht den Austausch der originalen Lautsprecher, es werden wieder die gleichen Einbaupl\u00e4tze verwendet. Die Lautsprecher verschwinden unter der T\u00fcrverkleidung und sind von au\u00dfen nicht sichtbar.<\/p>\n<p>Es werden soweit wie m\u00f6glich die originalen Lautsprecherkabel ab Werk in den T\u00fcren genutzt um das System zu verkabeln. In dem\u00a0<em>Ford C-Max Lautsprecher Ersatz T\u00fcrlautsprecher 2 Wege<\/em> sind alle Notwendigen Lautsprecher und Adapter enthalten um den Einbau zu bewerkstelligen.<\/p>\n<p>&nbsp;<\/p>\n<h2>Die Lautsprecher Gr\u00f6\u00dfen im Ford C-Max vorne<\/h2>\n<p>In den vorderen T\u00fcren ist ein zwei Wege System mit 16,5 cm Tieft\u00f6ner verbaut und separaten Hocht\u00f6nern in der T\u00fcrverkleidung.<\/p>\n<h2>Die Lautsprecher Gr\u00f6\u00dfen im Ford C-Max hinten<\/h2>\n<p>In den hinteren Einbaupl\u00e4tzen sind Breitband Lautsprecher mit 16 cm Tieft\u00f6ner verbaut.<\/p>\n<h2>Lieferumfang: Ford C-Max Lautsprecher Ersatz T\u00fcrlautsprecher 2 Wege vorne<\/h2>\n<p>&nbsp;<\/p>\n<ul>\n<li>1 x Zwei Wege Lautsprechersystem und esperaten Hocht\u00f6nern f\u00fcr die vorderen T\u00fcren<\/li>\n<li>1 x Lautsprecherringe Einbau in den hinteren Einbaupl\u00e4tzen<\/li>\n<li>1 x Lautsprecheradapterkabel hinteren Einbaupl\u00e4tzen<\/li>\n<\/ul>\n<p><strong>Alle Lautsprechersysteme werden immer paarweise geliefert!<\/strong><\/p>\n<p>Das Ford C-Max Lautsprecher Ersatz T\u00fcrlautsprecher 3 Wege vorne verf\u00fcgt \u00fcber einen sehr hohen Wirkungsgrad und ist auch f\u00fcr den Normalbetrieb am Autoradio ohne weitere Verst\u00e4rker geeignet!<\/p>\n<p>Das Set\u00a0<em>Ford C-Max Lautsprecher Ersatz T\u00fcrlautsprecher 3 Wege vorne<\/em> f\u00fcr fahrzeugspezifische Installationen, verschwindet hinter der T\u00fcrverkleidung und sind von Au\u00dfen nicht zu sehen.<\/p>\n<p>Hersteller: Fusion<\/p>\n<p>&nbsp;<\/p>\n<p>Technische Daten: <strong>Hertz DSK165.3<br \/>\n<\/strong><\/p>\n<p><img loading=\"lazy\" decoding=\"async\" width=\"408\" height=\"675\" class=\"alignalignnone size-full wp-image-9074\" src=\"http:\/\/www.radio-adapter.eu\/blog\/wp-content\/uploads\/2016\/04\/DSK165-3-technische-details.jpg\" \/><\/p>\n<p>&nbsp;<\/p>\n<p>&nbsp;<\/p>\n<p>&nbsp;<\/p>\n<p>&nbsp;<\/p>\n<p>&nbsp;<\/p>\n<p>Gratis Lautsprecher Einbau Anleitung.<\/p>\n<h3 class=\"entry-title\"><a href=\"http:\/\/www.radio-adapter.eu\/blog\/lautsprecher-wechsel-ford-c-max\/\" target=\"_blank\" rel=\"noopener noreferrer\">Lautsprecher wechsel Ford C-Max<\/a><\/h3>\n<p>Beachten Sie die Einbauanleitung f\u00fcr\u00a0<em>Ford C-Max Lautsprecher Ersatz T\u00fcrlautsprecher 2 Wege<\/em> um zu einen guten Ergebnis zu kommen.\u00a0 Als Grundausstattung f\u00fcr die eine eigene Installation sollte das passende Werkzeug vorhanden sein. Das Resultat des Einbaus h\u00e4ngt von den handwerklichen F\u00e4higkeiten des Anwenders ab.<\/p>\n<p>Die Schritte der Demontage der T\u00fcrverkleidung und das Entfernen der originalen Lautsprecher werden in den Anleitungen beschrieben. Die originalen Werkslautsprecher in dem jeweiligen Fahrzeug sind mit Ringen aus Kunststoff an die T\u00fcrbleche genietet. Die originalen Werkslautsprecher m\u00fcssen mit den Halterungen ausgebohrt werden um die neuen Lautsprecher mit den im Lieferumfang enthaltenen Lautsprecherringen zu montieren.<\/p>\n<p>F\u00fcr die meisten Fahrzeugtypen und den passenden Lautsprecher Einbausets sind Einbauanleitungen vorhanden. Die Anleitungen sind ohne Gew\u00e4hr und von der handwerklichen F\u00e4higkeit des Monteurs abh\u00e4ngig. Unsachgem\u00e4\u00dfer Einbau f\u00fchrt zu einem schlechten Ergebnis im Klang und Pegel.<\/p>\n<p>&nbsp;<\/p>\n<p>&nbsp;<\/p>\n<p>&nbsp;<\/p>\n<p>&nbsp;<\/p>\n<p>&nbsp;<\/p>\n<p>&nbsp;<\/p>\n<p>&nbsp;<\/p>\n<p><span style=\"border-radius: 2px; text-indent: 20px; width: auto; padding: 0px 4px 0px 0px; text-align: center; font: bold 11px\/20px 'Helvetica Neue',Helvetica,sans-serif; color: #ffffff; background: #bd081c no-repeat scroll 3px 50% \/ 14px 14px; position: absolute; opacity: 1; z-index: 8675309; display: none; cursor: pointer;\">Merken<\/span><\/p>\n","protected":false},"excerpt":{"rendered":"<p>Dieses Auto Lautsprecher Einbauset,\u00a0<em>Ford C-Max Lautsprecher Ersatz T\u00fcrlautsprecher 2 Wege vorne<\/em> ist f\u00fcr den Austausch des Standard Lautsprechersystems in <em>Ford C-Max <\/em>geeignet. Im Lieferumfang sind alle Lautsprecher und dazugeh\u00f6rigen Kabel und Einbaurringe enthalten.<\/p>\n","protected":false},"featured_media":9076,"comment_status":"open","ping_status":"closed","template":"","meta":{"jetpack_post_was_ever_published":false,"jetpack_publicize_message":"","jetpack_publicize_feature_enabled":true,"jetpack_social_post_already_shared":true,"jetpack_social_options":{"image_generator_settings":{"template":"highway","default_image_id":0,"font":"","enabled":false},"version":2}},"product_brand":[],"product_cat":[2349,2645,2416],"product_tag":[2426,2778,2424,2777,2423,2422],"class_list":{"0":"post-4122","1":"product","2":"type-product","3":"status-publish","4":"has-post-thumbnail","6":"product_cat-auto-lautsprecher-einbausets","7":"product_cat-ford-c-max-lautsprecher-einbausets","8":"product_cat-ford-lautsprecher-einbausets","9":"product_tag-die-lautsprecher-groessen-im-ford-c-max-hinten","10":"product_tag-ford-c-max-lautsprecher-ersatz-boxen","11":"product_tag-ford-c-max-standard-lautsprechersystem-tauschen","12":"product_tag-ford-c-max-tuerlautsprecher","13":"product_tag-lautsprechersystem-fuer-ford-c-max","14":"product_tag-neue-lautsprecher-fuer-ford-c-max","15":"product_shipping_class-auto-lautsprecher-paarweise","17":"first","18":"instock","19":"taxable","20":"shipping-taxable","21":"purchasable","22":"product-type-simple"},"jetpack_publicize_connections":[],"jetpack_sharing_enabled":true,"jetpack_likes_enabled":true,"_links":{"self":[{"href":"https:\/\/www.radio-adapter.eu\/blog\/wp-json\/wp\/v2\/product\/4122","targetHints":{"allow":["GET"]}}],"collection":[{"href":"https:\/\/www.radio-adapter.eu\/blog\/wp-json\/wp\/v2\/product"}],"about":[{"href":"https:\/\/www.radio-adapter.eu\/blog\/wp-json\/wp\/v2\/types\/product"}],"replies":[{"embeddable":true,"href":"https:\/\/www.radio-adapter.eu\/blog\/wp-json\/wp\/v2\/comments?post=4122"}],"wp:featuredmedia":[{"embeddable":true,"href":"https:\/\/www.radio-adapter.eu\/blog\/wp-json\/wp\/v2\/media\/9076"}],"wp:attachment":[{"href":"https:\/\/www.radio-adapter.eu\/blog\/wp-json\/wp\/v2\/media?parent=4122"}],"wp:term":[{"taxonomy":"product_brand","embeddable":true,"href":"https:\/\/www.radio-adapter.eu\/blog\/wp-json\/wp\/v2\/product_brand?post=4122"},{"taxonomy":"product_cat","embeddable":true,"href":"https:\/\/www.radio-adapter.eu\/blog\/wp-json\/wp\/v2\/product_cat?post=4122"},{"taxonomy":"product_tag","embeddable":true,"href":"https:\/\/www.radio-adapter.eu\/blog\/wp-json\/wp\/v2\/product_tag?post=4122"}],"curies":[{"name":"wp","href":"https:\/\/api.w.org\/{rel}","templated":true}]}}