{"id":4096,"date":"2015-08-19T23:03:35","date_gmt":"2015-08-19T21:03:35","guid":{"rendered":"http:\/\/www.radio-adapter.eu\/blog\/produkt\/vw-passat-variant-3bg-lautsprecher-ersatz-boxen-3-wege\/"},"modified":"2024-03-03T12:26:18","modified_gmt":"2024-03-03T11:26:18","slug":"vw-passat-variant-3bg-lautsprecher-ersatz-boxen-3-wege","status":"publish","type":"product","link":"https:\/\/www.radio-adapter.eu\/blog\/produkt\/vw-passat-variant-3bg-lautsprecher-ersatz-boxen-3-wege\/","title":{"rendered":"VW Passat Variant 3BG Lautsprecher Ersatz Boxen 3 Wege"},"content":{"rendered":"<p>Diese Ersatz T\u00fcrlautsprecher passen in den\u00a0<em>VW Passat 3BG Variant<\/em> von 2000 \u2013 2005 und die originalen Einbaupl\u00e4tze\u00a0 Das Set\u00a0<strong>VW Passat Variant 3BG Lautsprecher Ersatz Boxen 3 Wege<\/strong> erm\u00f6glicht den Austausch der originalen Lautsprecher, es werden wieder die gleichen Einbaupl\u00e4tze verwendet. Die Lautsprecher verschwinden unter der T\u00fcrverkleidung und sind von au\u00dfen nicht sichtbar.<\/p>\n<p>Es werden soweit wie m\u00f6glich die originalen Lautsprecherkabel ab Werk in den T\u00fcren genutzt um das System mit der Frequenzweiche zu verkabeln. In dem\u00a0<em>VW Passat Variant 3BG Lautsprecher Ersatz Boxen 3 Wege<\/em> sind alle Notwendigen Lautsprecher und Adapter enthalten um den Einbau zu bewerkstelligen.<\/p>\n<p><span style=\"color: #ff0000;\"><strong>2-Wege Lautsprecher f\u00fcr vordere oder hintere T\u00fcren<\/strong><\/span><\/p>\n<h2>Die Lautsprecher Gr\u00f6\u00dfen im VW Passat 3BG vorne<\/h2>\n<p>In den vorderen T\u00fcren ist ein zwei Wege System mit 16,5 cm Tieft\u00f6ner und Hocht\u00f6ner in den vorderen linken und rechten Spiegeldreieck verbaut.<\/p>\n<p>&nbsp;<\/p>\n<h2>Die Lautsprecher Gr\u00f6\u00dfen im VW Passat 3BG hinten<\/h2>\n<p>In den hinteren T\u00fcren ist ein 16,5 mm Tieft\u00f6ner verbaut und Hocht\u00f6ner im T\u00fcr\u00f6ffner<\/p>\n<h2>Lieferumfang: VW Passat Variant 3BG Lautsprecher Ersatz Boxen 3 Wege<\/h2>\n<ul>\n<li>1 x Drei Wege Koaxial-Lautsprechersystem und integrierten Hocht\u00f6nern f\u00fcr die hinteren T\u00fcren<\/li>\n<li>2 x Lautsprecherringe f\u00fcr den Einbau in den vorderen oder hinteren T\u00fcren<\/li>\n<li>2 x Lautsprecheradapterkabel f\u00fcr vordere oder hintere T\u00fcren<\/li>\n<\/ul>\n<p>&nbsp;<\/p>\n<p><strong>Alle Lautsprechersysteme werden immer paarweise geliefert!<\/strong><\/p>\n<p>Die\u00a0<em><strong>VW Passat Variant 3BG Lautsprecher Ersatz Boxen 3 Wege<\/strong><\/em> verf\u00fcgen \u00fcber einen sehr hohen Wirkungsgrad und ist auch f\u00fcr den Normalbetrieb am Autoradio ohne weitere Verst\u00e4rker geeignet!<\/p>\n<p>&nbsp;<\/p>\n<p>Das Set\u00a0<em>VW Passat Variant 3BG Lautsprecher Ersatz Boxen 3 Wege<\/em> f\u00fcr fahrzeugspezifische Installationen, verschwindet hinter der T\u00fcrverkleidung und sind von Au\u00dfen nicht zu sehen.<\/p>\n<p>Hersteller: Fusion<\/p>\n<p>&nbsp;<\/p>\n<p>Technische Daten: PF-FR6030 <strong>3-Wege-Koaxiallsystem<\/strong><\/p>\n<ul>\n<li>Leistung 250 Watt<\/li>\n<li>Frequenzbereich 29 Hz bis 27 kHz<\/li>\n<li>Schallleistung (1 W \/1 M) 89 dB<\/li>\n<li>Geh\u00e4usefarbe schwarz<\/li>\n<li>Einbautiefe 60 mm<\/li>\n<li>Einbaudurchmesser 131 mm<\/li>\n<\/ul>\n<p>&nbsp;<\/p>\n<p>Der Vergleich zum Tieft\u00f6nern in den hinteren Einbaupl\u00e4tzen die ab Werk eingebaut sind<\/p>\n<p><a href=\"http:\/\/www.radio-adapter.eu\/blog\/wp-content\/uploads\/2015\/08\/Beispiel-VW-Lautsprecher-Original-oder-Neu.jpg\"><img loading=\"lazy\" decoding=\"async\" width=\"500\" height=\"300\" class=\"alignalignnone size-full wp-image-4097\" src=\"http:\/\/www.radio-adapter.eu\/blog\/wp-content\/uploads\/2015\/08\/Beispiel-VW-Lautsprecher-Original-oder-Neu.jpg\" alt=\"Beispiel VW Lautsprecher Original oder Neu\" srcset=\"https:\/\/www.radio-adapter.eu\/blog\/wp-content\/uploads\/2015\/08\/Beispiel-VW-Lautsprecher-Original-oder-Neu.jpg 500w, https:\/\/www.radio-adapter.eu\/blog\/wp-content\/uploads\/2015\/08\/Beispiel-VW-Lautsprecher-Original-oder-Neu-236x142.jpg 236w, https:\/\/www.radio-adapter.eu\/blog\/wp-content\/uploads\/2015\/08\/Beispiel-VW-Lautsprecher-Original-oder-Neu-300x180.jpg 300w, https:\/\/www.radio-adapter.eu\/blog\/wp-content\/uploads\/2015\/08\/Beispiel-VW-Lautsprecher-Original-oder-Neu-480x288.jpg 480w, https:\/\/www.radio-adapter.eu\/blog\/wp-content\/uploads\/2015\/08\/Beispiel-VW-Lautsprecher-Original-oder-Neu-151x91.jpg 151w, https:\/\/www.radio-adapter.eu\/blog\/wp-content\/uploads\/2015\/08\/Beispiel-VW-Lautsprecher-Original-oder-Neu-275x165.jpg 275w\" sizes=\"auto, (max-width: 500px) 100vw, 500px\" \/><\/a><\/p>\n<p>&nbsp;<\/p>\n<p>&nbsp;<\/p>\n<p>&nbsp;<\/p>\n<p>Gratis Lautsprecher Einbau Anleitungen<\/p>\n<h3 class=\"entry-title\"><a href=\"http:\/\/www.radio-adapter.eu\/blog\/lautsprecher-hinten-einbauen-passat-3bg\/\" target=\"_blank\">Lautsprecher hinten einbauen Passat 3bg<\/a><\/h3>\n<p>Wichtig ist das die Einbauanleitung f\u00fcr die Auto-Lautsprecher<em>\u00a0VW Passat Variant 3BG Lautsprecher Ersatz Boxen 3 Wege<\/em> beachtet wird um zu einen guten Ergebnis beim Einbau zu kommen. Als Ausstattung sollte das passende Werkzeug vorhanden sein um die Installation durchzuf\u00fchren. Durch die Selbstmontage k\u00f6nnen nat\u00fcrlich Kosten gespart werden.<\/p>\n<p>Die einzelnen Schritte der Demontage der T\u00fcrverkleidungen und das Entfernen der originalen Lautsprecher werden in den Anleitungen beschrieben. Die originalen Werkslautsprecher sind mit Ringen aus Kunststoff an die T\u00fcrbleche genietet das ist von Fahrzeugtyp zu Fahrzeugtyp unterschiedlich.. Die originalen Werkslautsprecher m\u00fcssen mit den Lautsprecher-Halterungen ausgebohrt werden um die neuen Lautsprecher mit den im Lieferumfang enthaltenen Lautsprecherringen zu montieren.<\/p>\n<p>F\u00fcr die meisten Fahrzeugtypen und den passenden Lautsprecher Einbausets sind Einbauanleitungen vorhanden. Die Anleitungen sind ohne Gew\u00e4hr und von der handwerklichen F\u00e4higkeit des Monteurs abh\u00e4ngig. Unsachgem\u00e4\u00dfer Einbau f\u00fchrt zu einem schlechten Ergebnis im Klang und Pegel.<\/p>\n<p>&nbsp;<\/p>\n<p>&nbsp;<\/p>\n<p>&nbsp;<\/p>\n<p>&nbsp;<\/p>\n<p>&nbsp;<\/p>\n<p>&nbsp;<\/p>\n<p>&nbsp;<\/p>\n<p><span style=\"border-radius: 2px; text-indent: 20px; width: auto; padding: 0px 4px 0px 0px; text-align: center; font: bold 11px\/20px 'Helvetica Neue',Helvetica,sans-serif; color: #ffffff; background: #bd081c  no-repeat scroll 3px 50% \/ 14px 14px; position: absolute; opacity: 1; z-index: 8675309; display: none; cursor: pointer;\">Merken<\/span><\/p>\n","protected":false},"excerpt":{"rendered":"<p>Dieses Auto Lautsprecher Einbauset, VW Passat Variant 3BG Lautsprecher Ersatz Boxen 3 Wege ist f\u00fcr den Austausch des Standard Lautsprechersystems in VW Passat Variant 3BG geeignet. Im Lieferumfang sind alle Lautsprecher und dazugeh\u00f6rigen Kabel und Einbaurringe enthalten.<\/p>\n","protected":false},"featured_media":4098,"comment_status":"open","ping_status":"closed","template":"","meta":{"jetpack_post_was_ever_published":false,"jetpack_publicize_message":"","jetpack_publicize_feature_enabled":true,"jetpack_social_post_already_shared":true,"jetpack_social_options":{"image_generator_settings":{"template":"highway","default_image_id":0,"font":"","enabled":false},"version":2}},"product_brand":[],"product_cat":[2349,2732],"product_tag":[2733,2734,2736,2737,2738,2769,2768],"class_list":{"0":"post-4096","1":"product","2":"type-product","3":"status-publish","4":"has-post-thumbnail","6":"product_cat-auto-lautsprecher-einbausets","7":"product_cat-vw-passat-3bg-lautsprecher-einbausets","8":"product_tag-die-lautsprecher-groessen-im-vw-passat-variant-3bg-hinten","9":"product_tag-die-lautsprecher-groessen-im-vw-passat-variant-3bg-vorne","10":"product_tag-lautsprechersystem-fuer-vw-passat-3bg","11":"product_tag-neue-lautsprecher-fuer-vw-passat-3bg","12":"product_tag-vw-passat-3bg-standard-lautsprechersystem-tauschen","13":"product_tag-vw-passat-3bg-tuerlautsprecher","14":"product_tag-w-passat-3bg-lautsprecher-ersatz-boxen","15":"product_shipping_class-auto-lautsprecher-paarweise","17":"first","18":"outofstock","19":"taxable","20":"shipping-taxable","21":"purchasable","22":"product-type-simple"},"jetpack_publicize_connections":[],"jetpack_sharing_enabled":true,"jetpack_likes_enabled":true,"_links":{"self":[{"href":"https:\/\/www.radio-adapter.eu\/blog\/wp-json\/wp\/v2\/product\/4096","targetHints":{"allow":["GET"]}}],"collection":[{"href":"https:\/\/www.radio-adapter.eu\/blog\/wp-json\/wp\/v2\/product"}],"about":[{"href":"https:\/\/www.radio-adapter.eu\/blog\/wp-json\/wp\/v2\/types\/product"}],"replies":[{"embeddable":true,"href":"https:\/\/www.radio-adapter.eu\/blog\/wp-json\/wp\/v2\/comments?post=4096"}],"wp:featuredmedia":[{"embeddable":true,"href":"https:\/\/www.radio-adapter.eu\/blog\/wp-json\/wp\/v2\/media\/4098"}],"wp:attachment":[{"href":"https:\/\/www.radio-adapter.eu\/blog\/wp-json\/wp\/v2\/media?parent=4096"}],"wp:term":[{"taxonomy":"product_brand","embeddable":true,"href":"https:\/\/www.radio-adapter.eu\/blog\/wp-json\/wp\/v2\/product_brand?post=4096"},{"taxonomy":"product_cat","embeddable":true,"href":"https:\/\/www.radio-adapter.eu\/blog\/wp-json\/wp\/v2\/product_cat?post=4096"},{"taxonomy":"product_tag","embeddable":true,"href":"https:\/\/www.radio-adapter.eu\/blog\/wp-json\/wp\/v2\/product_tag?post=4096"}],"curies":[{"name":"wp","href":"https:\/\/api.w.org\/{rel}","templated":true}]}}