{"id":4017,"date":"2015-08-18T13:55:09","date_gmt":"2015-08-18T11:55:09","guid":{"rendered":"http:\/\/www.radio-adapter.eu\/blog\/produkt\/golf-lautsprecher-2-wege-hochtoener-design\/"},"modified":"2024-06-22T04:56:35","modified_gmt":"2024-06-22T02:56:35","slug":"vw-golf-iv-lautsprecher-2-wege-hochtoener-design","status":"publish","type":"product","link":"https:\/\/www.radio-adapter.eu\/blog\/produkt\/vw-golf-iv-lautsprecher-2-wege-hochtoener-design\/","title":{"rendered":"VW Golf IV Lautsprecher 2-Wege Hocht\u00f6ner"},"content":{"rendered":"<p>Diese Lautsprecher passt in den\u00a0<em>VW Golf IV <\/em>von 1996 \u2013 2005 und die originalen Einbaupl\u00e4tze\u00a0 Das Set\u00a0<strong>VW Golf IV Lautsprecher 2-Wege Hocht\u00f6ner <\/strong>erm\u00f6glicht den Austausch der originalen Lautsprecher, es werden wieder die gleichen Einbaupl\u00e4tze verwendet. Die Lautsprecher verschwinden unter der T\u00fcrverkleidung und sind von au\u00dfen nicht sichtbar.<\/p>\n<p>Es werden soweit wie m\u00f6glich die originalen Lautsprecherkabel ab Werk in den T\u00fcren genutzt um das System mit der Frequenzweiche zu verkabeln. In dem\u00a0VW Golf IV Lautsprecher 2-Wege Hocht\u00f6ner VW Design sind alle Notwendigen Lautsprecher und Adapter enthalten um den Einbau zu bewerkstelligen.<\/p>\n<p><span style=\"color: #ff0000;\"><strong>\u00a02-Wege Lautsprecher f\u00fcr vordere <strong>oder<\/strong> hintere T\u00fcren<\/strong><\/span><\/p>\n<h2>Die Lautsprecher Gr\u00f6\u00dfen im VW Golf IV vorne<\/h2>\n<p>In den vorderen T\u00fcren ist ein zwei Wege System mit 16,5 cm Tieft\u00f6ner und Hocht\u00f6ner in den vorderen linken und rechten Spiegeldreieck verbaut.<\/p>\n<p>&nbsp;<\/p>\n<h2>Die Lautsprecher Gr\u00f6\u00dfen im VW Golf IV hinten<\/h2>\n<p>In den hinteren T\u00fcren ist ein 16,5 mm Tieft\u00f6ner verbaut und Hocht\u00f6ner im T\u00fcr\u00f6ffner<\/p>\n<h2>Lieferumfang: VW Golf IV Lautsprecher 2-Wege Hocht\u00f6ner<\/h2>\n<ul>\n<li>1 x Zwei Wege Auto Lautsprechersystem mit 2 x Frequenzweichen und 2 x separaten Hocht\u00f6nern f\u00fcr die vorderen <strong>oder<\/strong> hinteren T\u00fcren<\/li>\n<li>2 x Lautsprecherringe f\u00fcr den Einbau in den vorderen und hinteren T\u00fcren<\/li>\n<li>2 x Lautsprecheradapterkabel f\u00fcr vordere und hintere T\u00fcren<\/li>\n<\/ul>\n<p>&nbsp;<\/p>\n<p><strong>Alle Lautsprechersysteme werden immer paarweise geliefert!<\/strong><\/p>\n<p>Die VW Golf IV Lautsprecher 2-Wege Hocht\u00f6ner verf\u00fcgen \u00fcber einen sehr hohen Wirkungsgrad und ist auch f\u00fcr den Normalbetrieb am Autoradio ohne weitere Verst\u00e4rker geeignet!<\/p>\n<p>Hersteller: Hertz<\/p>\n<p>Das Set VW Golf IV Lautsprecher 2-Wege Hocht\u00f6ner f\u00fcr fahrzeugspezifische Installationen. Verschwinden hinter der T\u00fcrverkleidung und sind von Au\u00dfen nicht zu sehen.<\/p>\n<p><img loading=\"lazy\" decoding=\"async\" width=\"499\" height=\"504\" class=\"alignalignnone size-full wp-image-9425\" src=\"http:\/\/www.radio-adapter.eu\/blog\/wp-content\/uploads\/2015\/08\/Hertz-Mille-MPK165-3-4-Ohm-technische-Daten.jpg\" srcset=\"https:\/\/www.radio-adapter.eu\/blog\/wp-content\/uploads\/2015\/08\/Hertz-Mille-MPK165-3-4-Ohm-technische-Daten.jpg 499w, https:\/\/www.radio-adapter.eu\/blog\/wp-content\/uploads\/2015\/08\/Hertz-Mille-MPK165-3-4-Ohm-technische-Daten-100x100.jpg 100w, https:\/\/www.radio-adapter.eu\/blog\/wp-content\/uploads\/2015\/08\/Hertz-Mille-MPK165-3-4-Ohm-technische-Daten-297x300.jpg 297w, https:\/\/www.radio-adapter.eu\/blog\/wp-content\/uploads\/2015\/08\/Hertz-Mille-MPK165-3-4-Ohm-technische-Daten-234x236.jpg 234w, https:\/\/www.radio-adapter.eu\/blog\/wp-content\/uploads\/2015\/08\/Hertz-Mille-MPK165-3-4-Ohm-technische-Daten-151x153.jpg 151w, https:\/\/www.radio-adapter.eu\/blog\/wp-content\/uploads\/2015\/08\/Hertz-Mille-MPK165-3-4-Ohm-technische-Daten-275x278.jpg 275w, https:\/\/www.radio-adapter.eu\/blog\/wp-content\/uploads\/2015\/08\/Hertz-Mille-MPK165-3-4-Ohm-technische-Daten-128x128.jpg 128w, https:\/\/www.radio-adapter.eu\/blog\/wp-content\/uploads\/2015\/08\/Hertz-Mille-MPK165-3-4-Ohm-technische-Daten-480x485.jpg 480w\" sizes=\"auto, (max-width: 499px) 100vw, 499px\" \/><\/p>\n<p>&nbsp;<\/p>\n<p>Gratis Lautsprecher Einbau Anleitungen<\/p>\n<h3><a href=\"http:\/\/www.radio-adapter.eu\/blog\/anleitung-lautsprecher-wechsel-vw-golf-iv\/\" target=\"_blank\" rel=\"noopener noreferrer\">Anleitung Lautsprecher wechsel VW Golf IV<\/a><\/h3>\n<p>Wichtig ist das die Einbauanleitung f\u00fcr die Auto-Lautsprecher<em>\u00a0VW Golf IV Lautsprecher 2-Wege Hocht\u00f6ner VW Design<\/em> beachtet wird um zu einen guten Ergebnis beim Einbau zu kommen. Als Ausstattung sollte das passende Werkzeug vorhanden sein um die Installation durchzuf\u00fchren. Durch die Selbstmontage k\u00f6nnen nat\u00fcrlich Kosten gespart werden.<\/p>\n<p>Die einzelnen Schritte der Demontage der T\u00fcrverkleidungen und das Entfernen der originalen Lautsprecher werden in den Anleitungen beschrieben. Die originalen Werkslautsprecher sind mit Ringen aus Kunststoff an die T\u00fcrbleche genietet das ist von Fahrzeugtyp zu Fahrzeugtyp unterschiedlich.. Die originalen Werkslautsprecher m\u00fcssen mit den Lautsprecher-Halterungen ausgebohrt werden um die neuen Lautsprecher mit den im Lieferumfang enthaltenen Lautsprecherringen zu montieren.<\/p>\n<p>F\u00fcr die meisten Fahrzeugtypen und den passenden Lautsprecher Einbausets sind Einbauanleitungen vorhanden. Die Anleitungen sind ohne Gew\u00e4hr und von der handwerklichen F\u00e4higkeit des Monteurs abh\u00e4ngig. Unsachgem\u00e4\u00dfer Einbau f\u00fchrt zu einem schlechten Ergebnis im Klang und Pegel.<\/p>\n<p>&nbsp;<\/p>\n<p>&nbsp;<\/p>\n<p>&nbsp;<\/p>\n<p>&nbsp;<\/p>\n<p>&nbsp;<\/p>\n<p>&nbsp;<\/p>\n<p>&nbsp;<\/p>\n","protected":false},"excerpt":{"rendered":"<p>Dieses Auto Lautsprecher Einbauset, VW Golf IV Lautsprecher 2-Wege Hocht\u00f6ner VW Design ist f\u00fcr den Austausch des Standard Lautsprechersystems in VW Golf IV geeignet. Im Lieferumfang sind alle Lautsprecher und dazugeh\u00f6rigen Kabel und Einbaurringe enthalten.<\/p>\n","protected":false},"featured_media":9424,"comment_status":"open","ping_status":"closed","template":"","meta":{"jetpack_post_was_ever_published":false,"jetpack_publicize_message":"","jetpack_publicize_feature_enabled":true,"jetpack_social_post_already_shared":true,"jetpack_social_options":{"image_generator_settings":{"template":"highway","default_image_id":0,"font":"","enabled":false},"version":2}},"product_brand":[],"product_cat":[2349,2655],"product_tag":[2441,2749,2439,2438],"class_list":{"0":"post-4017","1":"product","2":"type-product","3":"status-publish","4":"has-post-thumbnail","6":"product_cat-auto-lautsprecher-einbausets","7":"product_cat-vw-golf-iv-lautsprecher-einbausets","8":"product_tag-die-lautsprecher-groessen-im-vw-golf-iv-hinten","9":"product_tag-die-lautsprecher-groessen-im-vw-passat-golf-iv-vorne","10":"product_tag-lautsprechersystem-fuer-vw-golf-iv","11":"product_tag-neue-lautsprecher-fuer-vw-golf-iv","12":"product_shipping_class-auto-lautsprecher-set","14":"first","15":"instock","16":"taxable","17":"shipping-taxable","18":"purchasable","19":"product-type-simple"},"jetpack_publicize_connections":[],"jetpack_sharing_enabled":true,"jetpack_likes_enabled":true,"_links":{"self":[{"href":"https:\/\/www.radio-adapter.eu\/blog\/wp-json\/wp\/v2\/product\/4017","targetHints":{"allow":["GET"]}}],"collection":[{"href":"https:\/\/www.radio-adapter.eu\/blog\/wp-json\/wp\/v2\/product"}],"about":[{"href":"https:\/\/www.radio-adapter.eu\/blog\/wp-json\/wp\/v2\/types\/product"}],"replies":[{"embeddable":true,"href":"https:\/\/www.radio-adapter.eu\/blog\/wp-json\/wp\/v2\/comments?post=4017"}],"wp:featuredmedia":[{"embeddable":true,"href":"https:\/\/www.radio-adapter.eu\/blog\/wp-json\/wp\/v2\/media\/9424"}],"wp:attachment":[{"href":"https:\/\/www.radio-adapter.eu\/blog\/wp-json\/wp\/v2\/media?parent=4017"}],"wp:term":[{"taxonomy":"product_brand","embeddable":true,"href":"https:\/\/www.radio-adapter.eu\/blog\/wp-json\/wp\/v2\/product_brand?post=4017"},{"taxonomy":"product_cat","embeddable":true,"href":"https:\/\/www.radio-adapter.eu\/blog\/wp-json\/wp\/v2\/product_cat?post=4017"},{"taxonomy":"product_tag","embeddable":true,"href":"https:\/\/www.radio-adapter.eu\/blog\/wp-json\/wp\/v2\/product_tag?post=4017"}],"curies":[{"name":"wp","href":"https:\/\/api.w.org\/{rel}","templated":true}]}}