{"id":3944,"date":"2015-08-16T15:15:21","date_gmt":"2015-08-16T13:15:21","guid":{"rendered":"http:\/\/www.radio-adapter.eu\/blog\/produkt\/opel-agila-radioblenden-set-2000-2004-fuer-1-din-radios\/"},"modified":"2020-03-24T13:18:24","modified_gmt":"2020-03-24T12:18:24","slug":"opel-agila-radioblenden-set-2000-2004-fuer-1-din-radios","status":"publish","type":"product","link":"https:\/\/www.radio-adapter.eu\/blog\/produkt\/opel-agila-radioblenden-set-2000-2004-fuer-1-din-radios\/","title":{"rendered":"Opel Agila Radioblenden Set 2000-2004 f\u00fcr 1 DIN Radios"},"content":{"rendered":"<p>Geeignet f\u00fcr den Wechsel von Opel Agila Werksradios von 2001-2005. Mit dem\u00a0<strong>Opel Agila Radioblenden Set 2000-2004 f\u00fcr 1 DIN Radios<\/strong> kann man ein neues Autoradio einer Fremdmarke in das Fahrzeug installieren. In dem Set sind auch alle notwendigen Adapter zum Anschluss an die Fahrzeugkabel und den Antenneneingang enthalten. Es k\u00f6nnen sowohl Autoradios mit ISO oder DIN Anschluss angeschlossen werden. Mit den beiligenden Adaptern die im Set\u00a0<em>Opel Agila Radioblenden Set 2000-2004 f\u00fcr 1 DIN Radios<\/em> enthalten sind ist dar Einbau des neuen Radios ganz einfach.<\/p>\n<h2>Das Opel Agila Radioblenden Set 2000-2004 f\u00fcr 1 DIN Radios Einbaurahmen ist geeignet um Opel Werksradios mit diesen Design (Siehe Foto) zu ersetzen.<\/h2>\n<h2><a href=\"http:\/\/www.radio-adapter.eu\/blog\/wp-content\/uploads\/2015\/08\/Opel-Agila-Radio-2002.jpg\"><img loading=\"lazy\" decoding=\"async\" width=\"382\" height=\"316\" class=\"alignalignnone size-full wp-image-3946\" src=\"http:\/\/www.radio-adapter.eu\/blog\/wp-content\/uploads\/2015\/08\/Opel-Agila-Radio-2002.jpg\" alt=\"Opel Agila Radio 2002\" \/><\/a><\/h2>\n<p>&nbsp;<\/p>\n<h2>Lieferumfang: Opel Agila Radioblenden Set 2000-2004 f\u00fcr 1 DIN Radios<\/h2>\n<ul>\n<li>1 x Radioblende schwarz mit Fach<\/li>\n<li>1 x Radioadapter f\u00fcr Opel Agila<\/li>\n<li>2 x Entriegelungsb\u00fcgel<\/li>\n<li>1 x Antennenadapter ISO zu DIN<\/li>\n<\/ul>\n<p>&nbsp;<\/p>\n<p>&nbsp;<\/p>\n<h3>Passende Anleitung:<\/h3>\n<h3 class=\"entry-title\"><a href=\"http:\/\/www.radio-adapter.eu\/blog\/autoradio-ausbau-opel-agila-bis-2004-anleitung\/\" target=\"_blank\" rel=\"noopener noreferrer\">Autoradio ausbau Opel Agila bis 2004 Anleitung<\/a><\/h3>\n<p>Das <strong>Opel<\/strong> Werksradio muss ausgehebelt werden. In dem Set <em>Opel Agila Radioblenden Set 2000-2004 f\u00fcr 1 DIN Radios<\/em> sind alle notwendigen Adapter zu Anschluss an die Fahrzeugkabel mit dabei. Ganz egal ob Ihr neues Autoradio ISO oder DIN Anschluss am Antennenstecker hat, beide Varianten k\u00f6nne mit diesen Set angeschlossen werden. Sollte das neue Autoradio einen DIN Anschluss besitzen muss nur der mitgelieferte ISO zu DIN auf den Antennenstecker im Fahrzeug aufgesetzt werden.<\/p>\n<p>Den Radioadapter und Antennenadapter an die Fahrzeugkabel anschlie\u00dfen bevor die Radioblende eingerastet wird. Den Blechrahmen Ihres neuen Autoradios in den Schacht schieben und die Zargen des Blechrahmens verbiegen damit der Rahmen fest sitzt. Sollte Ihr neues Autoradio einen umfangreichen Kabelstrang an der R\u00fcckseite haben, nicht das Radio mit Gewalt in den Schacht schieben das kann die Kabel verletzen. Schaffen Sie vorher im Schacht Platz.<\/p>\n<p>&nbsp;<\/p>\n<p>&nbsp;<\/p>\n","protected":false},"excerpt":{"rendered":"<p>Dieses Set Opel Agila Radioblenden Set 2000-2004 f\u00fcr 1 DIN Radios ist geeignet das Werksradio zu tauschen. Wenn man ein anderes Autoradio einbauen m\u00f6chte, muss eine Radioblende die Installation in das Cockpit erm\u00f6glichen. Alle weiteren Adapter zum Anschluss an die Fahrzeugkabel sind in dem Set enthalten. Typ:61120<\/p>\n","protected":false},"featured_media":3945,"comment_status":"open","ping_status":"closed","template":"","meta":{"jetpack_post_was_ever_published":false,"jetpack_publicize_message":"","jetpack_publicize_feature_enabled":true,"jetpack_social_post_already_shared":true,"jetpack_social_options":{"image_generator_settings":{"template":"highway","default_image_id":0,"font":"","enabled":false},"version":2}},"product_brand":[],"product_cat":[2211,2712,2711],"product_tag":[2717,2716,2715,2714,2713],"class_list":{"0":"post-3944","1":"product","2":"type-product","3":"status-publish","4":"has-post-thumbnail","6":"product_cat-autoradio-blenden-sets","7":"product_cat-opel-agila-autoradio-blenden-sets","8":"product_cat-opel-autoradio-blenden-sets","9":"product_tag-autoradio-tauschen-opel-agila-2000-2004","10":"product_tag-das-richtige-radioblenden-set-fuer-opel-agila","11":"product_tag-opel-agila-radio-einbauset","12":"product_tag-radioblende-set-opel-agila-2000-2004","13":"product_tag-radiotausch-opel-agila","14":"product_shipping_class-autoradio-adapter","16":"first","17":"instock","18":"taxable","19":"shipping-taxable","20":"purchasable","21":"product-type-simple"},"jetpack_publicize_connections":[],"jetpack_sharing_enabled":true,"jetpack_likes_enabled":true,"_links":{"self":[{"href":"https:\/\/www.radio-adapter.eu\/blog\/wp-json\/wp\/v2\/product\/3944","targetHints":{"allow":["GET"]}}],"collection":[{"href":"https:\/\/www.radio-adapter.eu\/blog\/wp-json\/wp\/v2\/product"}],"about":[{"href":"https:\/\/www.radio-adapter.eu\/blog\/wp-json\/wp\/v2\/types\/product"}],"replies":[{"embeddable":true,"href":"https:\/\/www.radio-adapter.eu\/blog\/wp-json\/wp\/v2\/comments?post=3944"}],"wp:featuredmedia":[{"embeddable":true,"href":"https:\/\/www.radio-adapter.eu\/blog\/wp-json\/wp\/v2\/media\/3945"}],"wp:attachment":[{"href":"https:\/\/www.radio-adapter.eu\/blog\/wp-json\/wp\/v2\/media?parent=3944"}],"wp:term":[{"taxonomy":"product_brand","embeddable":true,"href":"https:\/\/www.radio-adapter.eu\/blog\/wp-json\/wp\/v2\/product_brand?post=3944"},{"taxonomy":"product_cat","embeddable":true,"href":"https:\/\/www.radio-adapter.eu\/blog\/wp-json\/wp\/v2\/product_cat?post=3944"},{"taxonomy":"product_tag","embeddable":true,"href":"https:\/\/www.radio-adapter.eu\/blog\/wp-json\/wp\/v2\/product_tag?post=3944"}],"curies":[{"name":"wp","href":"https:\/\/api.w.org\/{rel}","templated":true}]}}