{"id":3189,"date":"2015-06-28T23:41:38","date_gmt":"2015-06-28T21:41:38","guid":{"rendered":"http:\/\/www.radio-adapter.eu\/blog\/produkt\/vw-golf-iv-lautsprecher-vorne-hinten-4-hochtoener\/"},"modified":"2025-05-31T07:23:58","modified_gmt":"2025-05-31T05:23:58","slug":"vw-golf-iv-lautsprecher-vorne-hinten-4-hochtoener","status":"publish","type":"product","link":"https:\/\/www.radio-adapter.eu\/blog\/produkt\/vw-golf-iv-lautsprecher-vorne-hinten-4-hochtoener\/","title":{"rendered":"VW Golf IV Lautsprecher vorne hinten 4 Hocht\u00f6ner"},"content":{"rendered":"<p>Im VW Golf IV von 1997 \u2013 2006 Limousine oder Variant sind verschiedenen Lautsprecher ab Werk integriert, dieses Auto Lautsprecher Einbauset,\u00a0<strong>VW Golf IV Lautsprecher vorne hinten 4 Hocht\u00f6ner<\/strong> ist f\u00fcr den Austausch des Standard Lautsprechersystems geeignet.<\/p>\n<p>&nbsp;<\/p>\n<h2>Die Lautsprecher Gr\u00f6\u00dfen im VW Golf IV vorne<\/h2>\n<p>In den vorderen T\u00fcren ist ein zwei Wege System mit 16,5 cm Tieft\u00f6ner verbaut und separaten Hocht\u00f6nern in den Spiegeldreiecken seitlich.<\/p>\n<h2>Die Lautsprecher Gr\u00f6\u00dfen im VW Golf IV hinten<\/h2>\n<p>In den hinteren T\u00fcren ist ein zwei Wege System mit 16,5 cm Tieft\u00f6ner verbaut und separaten Hocht\u00f6nern im T\u00fcr\u00f6ffner seitlich.<\/p>\n<h2>Lieferumfang: VW Golf IV Lautsprecher vorne hinten 4 Hocht\u00f6ner<\/h2>\n<ul>\n<li>1 x Zwei Wege Auto Lautsprechersystem mit Frequenzweichen und separaten Hocht\u00f6nern f\u00fcr die vorderen T\u00fcren<\/li>\n<li>1 x Zwei Wege Auto Lautsprechersystem mit Frequenzweichen und separaten Hocht\u00f6nern f\u00fcr die hinteren T\u00fcren<\/li>\n<li>1 x Lautsprecherringe f\u00fcr den Einbau in den vorderen T\u00fcren<\/li>\n<li>1 x Lautsprecheradapterkabel vordere T\u00fcren<\/li>\n<li>1 x Lautsprecherringe f\u00fcr den Einbau in den hinteren T\u00fcren<\/li>\n<li>1 x Lautsprecheradapterkabel hintere T\u00fcren<\/li>\n<\/ul>\n<p><strong>Alle Lautsprechersysteme werden immer paarweise geliefert!<\/strong><\/p>\n<p>Die VW Golf IV Lautsprecher verf\u00fcgen \u00fcber einen sehr hohen Wirkungsgrad und sind auch f\u00fcr den Normalbetrieb am Autoradio ohne weitere Verst\u00e4rker geeignet!<\/p>\n<p>&nbsp;<\/p>\n<p><a href=\"http:\/\/www.radio-adapter.eu\/blog\/wp-content\/uploads\/2015\/08\/Lautsprecher-Abdeckgitter.jpg\"><img loading=\"lazy\" decoding=\"async\" width=\"500\" height=\"235\" class=\"alignalignnone size-full wp-image-3778\" src=\"http:\/\/www.radio-adapter.eu\/blog\/wp-content\/uploads\/2015\/08\/Lautsprecher-Abdeckgitter.jpg\" sizes=\"auto, (max-width: 500px) 100vw, 500px\" srcset=\"http:\/\/www.radio-adapter.eu\/blog\/wp-content\/uploads\/2015\/08\/Lautsprecher-Abdeckgitter.jpg 500w, http:\/\/www.radio-adapter.eu\/blog\/wp-content\/uploads\/2015\/08\/Lautsprecher-Abdeckgitter-236x111.jpg 236w, http:\/\/www.radio-adapter.eu\/blog\/wp-content\/uploads\/2015\/08\/Lautsprecher-Abdeckgitter-300x141.jpg 300w, http:\/\/www.radio-adapter.eu\/blog\/wp-content\/uploads\/2015\/08\/Lautsprecher-Abdeckgitter-151x71.jpg 151w, http:\/\/www.radio-adapter.eu\/blog\/wp-content\/uploads\/2015\/08\/Lautsprecher-Abdeckgitter-275x129.jpg 275w\" alt=\"Lautsprecher Abdeckgitter\" \/><\/a><\/p>\n<p>Technische Daten:<\/p>\n<ul>\n<li>16,5cm 2-Wege-Compo-System<br \/>\nmit Gitter und Frequenzweiche<\/li>\n<li>19 mm Gewebe-Neodym-Hocht\u00f6ner<\/li>\n<li>60 Watt RMS, 100 Watt Peak<\/li>\n<li>91 dB, 59 Hz- 22 KHz, \u00d8 142 mm, \u2021 Einbautiefe 62 mm<\/li>\n<\/ul>\n<p><img loading=\"lazy\" decoding=\"async\" width=\"400\" height=\"500\" class=\"alignalignnone size-full wp-image-8783\" src=\"http:\/\/www.radio-adapter.eu\/blog\/wp-content\/uploads\/2015\/06\/JL-Audio-C2-650-Test.jpg\" sizes=\"auto, (max-width: 400px) 100vw, 400px\" srcset=\"http:\/\/www.radio-adapter.eu\/blog\/wp-content\/uploads\/2015\/06\/JL-Audio-C2-650-Test.jpg 400w, http:\/\/www.radio-adapter.eu\/blog\/wp-content\/uploads\/2015\/06\/JL-Audio-C2-650-Test-189x236.jpg 189w, http:\/\/www.radio-adapter.eu\/blog\/wp-content\/uploads\/2015\/06\/JL-Audio-C2-650-Test-240x300.jpg 240w, http:\/\/www.radio-adapter.eu\/blog\/wp-content\/uploads\/2015\/06\/JL-Audio-C2-650-Test-151x189.jpg 151w, http:\/\/www.radio-adapter.eu\/blog\/wp-content\/uploads\/2015\/06\/JL-Audio-C2-650-Test-275x344.jpg 275w\" \/><\/p>\n<h3>\u00a0<strong>Weitere JL-Audio Testsiege:<\/strong><\/h3>\n<p><a href=\"http:\/\/www.radio-adapter.eu\/blog\/wp-content\/uploads\/2015\/08\/Test-JL-Audio-C2-650x.jpg\"><img loading=\"lazy\" decoding=\"async\" width=\"250\" height=\"210\" class=\"alignalignnone size-full wp-image-3779\" src=\"http:\/\/www.radio-adapter.eu\/blog\/wp-content\/uploads\/2015\/08\/Test-JL-Audio-C2-650x.jpg\" sizes=\"auto, (max-width: 250px) 100vw, 250px\" srcset=\"http:\/\/www.radio-adapter.eu\/blog\/wp-content\/uploads\/2015\/08\/Test-JL-Audio-C2-650x.jpg 250w, http:\/\/www.radio-adapter.eu\/blog\/wp-content\/uploads\/2015\/08\/Test-JL-Audio-C2-650x-236x198.jpg 236w, http:\/\/www.radio-adapter.eu\/blog\/wp-content\/uploads\/2015\/08\/Test-JL-Audio-C2-650x-151x127.jpg 151w\" alt=\"Test JL Audio C2 650x\" \/><\/a><a href=\"http:\/\/www.radio-adapter.eu\/blog\/wp-content\/uploads\/2015\/08\/Test-JL-Audio-C2-690x.jpg\"><img loading=\"lazy\" decoding=\"async\" width=\"250\" height=\"210\" class=\"alignalignnone size-full wp-image-3780\" src=\"http:\/\/www.radio-adapter.eu\/blog\/wp-content\/uploads\/2015\/08\/Test-JL-Audio-C2-690x.jpg\" sizes=\"auto, (max-width: 250px) 100vw, 250px\" srcset=\"http:\/\/www.radio-adapter.eu\/blog\/wp-content\/uploads\/2015\/08\/Test-JL-Audio-C2-690x.jpg 250w, http:\/\/www.radio-adapter.eu\/blog\/wp-content\/uploads\/2015\/08\/Test-JL-Audio-C2-690x-236x198.jpg 236w, http:\/\/www.radio-adapter.eu\/blog\/wp-content\/uploads\/2015\/08\/Test-JL-Audio-C2-690x-151x127.jpg 151w\" alt=\"Test JL Audio C2 690x\" \/><\/a><a href=\"http:\/\/www.radio-adapter.eu\/blog\/wp-content\/uploads\/2015\/08\/Test-JL-Audio-C5-650.jpg\"><img loading=\"lazy\" decoding=\"async\" width=\"250\" height=\"210\" class=\"alignalignnone size-full wp-image-3781\" src=\"http:\/\/www.radio-adapter.eu\/blog\/wp-content\/uploads\/2015\/08\/Test-JL-Audio-C5-650.jpg\" sizes=\"auto, (max-width: 250px) 100vw, 250px\" srcset=\"http:\/\/www.radio-adapter.eu\/blog\/wp-content\/uploads\/2015\/08\/Test-JL-Audio-C5-650.jpg 250w, http:\/\/www.radio-adapter.eu\/blog\/wp-content\/uploads\/2015\/08\/Test-JL-Audio-C5-650-236x198.jpg 236w, http:\/\/www.radio-adapter.eu\/blog\/wp-content\/uploads\/2015\/08\/Test-JL-Audio-C5-650-151x127.jpg 151w\" alt=\"Test JL Audio C5 650\" \/><\/a><\/p>\n<p>&nbsp;<\/p>\n<p>&nbsp;<\/p>\n<p>Gratis VW Golf IV Lautsprecher Einbau Anleitungen<\/p>\n<h3><a href=\"http:\/\/www.radio-adapter.eu\/blog\/anleitung-lautsprecher-wechsel-vw-golf-iv\/\" target=\"_blank\" rel=\"noopener noreferrer\">Anleitung Lautsprecher wechsel VW Golf IV<\/a><\/h3>\n<p>Der Lautsprecher Einbau h\u00e4ngt von den handwerklichen F\u00e4higkeiten des Anwenders ab, um zu einen guten Ergebnis zu kommen sollte man die Anleitungen f\u00fcr den Einbau der VW Golf IV Lautsprecher vorne hinten ansehen. Unsachgem\u00e4\u00dfer Einbau f\u00fchrt zu einem schlechten Ergebnis im Klang und Pegel.<\/p>\n<p>Die Grundvoraussetzung f\u00fcr eine eigene Installation ist das passende Werkzeug, die einzelnen Schritte der Demontage der T\u00fcrverkleidung und das Entfernen der originalen Lautsprecher werden in der Anleitung beschrieben.<\/p>\n<p>Die originalen Lautsprecher in dem Fahrzeug sind mit Ringen aus Kunststoff an die T\u00fcrbleche genietet. Die originalen Lautsprecher m\u00fcssen mit der Halterung ausgebohrt werden um die neuen Lautsprecher mit den im Lieferumfang enthaltenen Lautsprecherringen zu montieren.<\/p>\n<p>&nbsp;<\/p>\n","protected":false},"excerpt":{"rendered":"<p>Dieses Auto Lautsprecher Einbauset, VW Golf IV Lautsprecher vorne hinten 4 Hocht\u00f6ner ist f\u00fcr den Austausch des Standard Lautsprechersystems in VW Golf IV F\u00fcnft\u00fcrer geeignet.<\/p>\n","protected":false},"featured_media":8797,"comment_status":"open","ping_status":"closed","template":"","meta":{"jetpack_post_was_ever_published":false,"jetpack_publicize_message":"","jetpack_publicize_feature_enabled":true,"jetpack_social_post_already_shared":true,"jetpack_social_options":{"image_generator_settings":{"template":"highway","default_image_id":0,"font":"","enabled":false},"version":2}},"product_brand":[],"product_cat":[2349,2655,2350],"product_tag":[2441,2440,2439,2438,2437],"class_list":{"0":"post-3189","1":"product","2":"type-product","3":"status-publish","4":"has-post-thumbnail","6":"product_cat-auto-lautsprecher-einbausets","7":"product_cat-vw-golf-iv-lautsprecher-einbausets","8":"product_cat-vw-lautsprecher-einbausets","9":"product_tag-die-lautsprecher-groessen-im-vw-golf-iv-hinten","10":"product_tag-die-lautsprecher-groessen-im-vw-golf-iv-vorne","11":"product_tag-lautsprechersystem-fuer-vw-golf-iv","12":"product_tag-neue-lautsprecher-fuer-vw-golf-iv","13":"product_tag-vw-golf-iv-standard-lautsprechersystem-tauschen","14":"product_shipping_class-auto-lautsprecher-set","16":"first","17":"instock","18":"taxable","19":"shipping-taxable","20":"purchasable","21":"product-type-simple"},"jetpack_publicize_connections":[],"jetpack_sharing_enabled":true,"jetpack_likes_enabled":true,"_links":{"self":[{"href":"https:\/\/www.radio-adapter.eu\/blog\/wp-json\/wp\/v2\/product\/3189","targetHints":{"allow":["GET"]}}],"collection":[{"href":"https:\/\/www.radio-adapter.eu\/blog\/wp-json\/wp\/v2\/product"}],"about":[{"href":"https:\/\/www.radio-adapter.eu\/blog\/wp-json\/wp\/v2\/types\/product"}],"replies":[{"embeddable":true,"href":"https:\/\/www.radio-adapter.eu\/blog\/wp-json\/wp\/v2\/comments?post=3189"}],"wp:featuredmedia":[{"embeddable":true,"href":"https:\/\/www.radio-adapter.eu\/blog\/wp-json\/wp\/v2\/media\/8797"}],"wp:attachment":[{"href":"https:\/\/www.radio-adapter.eu\/blog\/wp-json\/wp\/v2\/media?parent=3189"}],"wp:term":[{"taxonomy":"product_brand","embeddable":true,"href":"https:\/\/www.radio-adapter.eu\/blog\/wp-json\/wp\/v2\/product_brand?post=3189"},{"taxonomy":"product_cat","embeddable":true,"href":"https:\/\/www.radio-adapter.eu\/blog\/wp-json\/wp\/v2\/product_cat?post=3189"},{"taxonomy":"product_tag","embeddable":true,"href":"https:\/\/www.radio-adapter.eu\/blog\/wp-json\/wp\/v2\/product_tag?post=3189"}],"curies":[{"name":"wp","href":"https:\/\/api.w.org\/{rel}","templated":true}]}}

VW Golf IV Lautsprecher vorne hinten 4 Hochtöner

<p>Im VW Golf IV von 1997 – 2006 Limousine oder Variant sind verschiedenen Lautsprecher ab Werk integriert, dieses Auto Lautsprecher Einbauset, <strong>VW Golf IV Lautsprecher vorne hinten 4 Hochtöner</strong> ist für den Austausch des Standard Lautsprechersystems geeignet.</p>
<p>&nbsp;</p>
<h2>Die Lautsprecher Größen im VW Golf IV vorne</h2>
<p>In den vorderen Türen ist ein zwei Wege System mit 16,5 cm Tieftöner verbaut und separaten Hochtönern in den Spiegeldreiecken seitlich.</p>
<h2>Die Lautsprecher Größen im VW Golf IV hinten</h2>
<p>In den hinteren Türen ist ein zwei Wege System mit 16,5 cm Tieftöner verbaut und separaten Hochtönern im Türöffner seitlich.</p>
<h2>Lieferumfang: VW Golf IV Lautsprecher vorne hinten 4 Hochtöner</h2>
<ul>
<li>1 x Zwei Wege Auto Lautsprechersystem mit Frequenzweichen und separaten Hochtönern für die vorderen Türen</li>
<li>1 x Zwei Wege Auto Lautsprechersystem mit Frequenzweichen und separaten Hochtönern für die hinteren Türen</li>
<li>1 x Lautsprecherringe für den Einbau in den vorderen Türen</li>
<li>1 x Lautsprecheradapterkabel vordere Türen</li>
<li>1 x Lautsprecherringe für den Einbau in den hinteren Türen</li>
<li>1 x Lautsprecheradapterkabel hintere Türen</li>
</ul>
<p><strong>Alle Lautsprechersysteme werden immer paarweise geliefert!</strong></p>
<p>Die VW Golf IV Lautsprecher verfügen über einen sehr hohen Wirkungsgrad und sind auch für den Normalbetrieb am Autoradio ohne weitere Verstärker geeignet!</p>
<p>&nbsp;</p>
<p><a href="http://www.radio-adapter.eu/blog/wp-content/uploads/2015/08/Lautsprecher-Abdeckgitter.jpg"><img loading="lazy" decoding="async" width="500" height="235" class="alignalignnone size-full wp-image-3778" src="http://www.radio-adapter.eu/blog/wp-content/uploads/2015/08/Lautsprecher-Abdeckgitter.jpg" sizes="auto, (max-width: 500px) 100vw, 500px" srcset="http://www.radio-adapter.eu/blog/wp-content/uploads/2015/08/Lautsprecher-Abdeckgitter.jpg 500w, http://www.radio-adapter.eu/blog/wp-content/uploads/2015/08/Lautsprecher-Abdeckgitter-236x111.jpg 236w, http://www.radio-adapter.eu/blog/wp-content/uploads/2015/08/Lautsprecher-Abdeckgitter-300x141.jpg 300w, http://www.radio-adapter.eu/blog/wp-content/uploads/2015/08/Lautsprecher-Abdeckgitter-151x71.jpg 151w, http://www.radio-adapter.eu/blog/wp-content/uploads/2015/08/Lautsprecher-Abdeckgitter-275x129.jpg 275w" alt="Lautsprecher Abdeckgitter" /></a></p>
<p>Technische Daten:</p>
<ul>
<li>16,5cm 2-Wege-Compo-System<br />
mit Gitter und Frequenzweiche</li>
<li>19 mm Gewebe-Neodym-Hochtöner</li>
<li>60 Watt RMS, 100 Watt Peak</li>
<li>91 dB, 59 Hz- 22 KHz, Ø 142 mm, ‡ Einbautiefe 62 mm</li>
</ul>
<p><img loading="lazy" decoding="async" width="400" height="500" class="alignalignnone size-full wp-image-8783" src="http://www.radio-adapter.eu/blog/wp-content/uploads/2015/06/JL-Audio-C2-650-Test.jpg" sizes="auto, (max-width: 400px) 100vw, 400px" srcset="http://www.radio-adapter.eu/blog/wp-content/uploads/2015/06/JL-Audio-C2-650-Test.jpg 400w, http://www.radio-adapter.eu/blog/wp-content/uploads/2015/06/JL-Audio-C2-650-Test-189x236.jpg 189w, http://www.radio-adapter.eu/blog/wp-content/uploads/2015/06/JL-Audio-C2-650-Test-240x300.jpg 240w, http://www.radio-adapter.eu/blog/wp-content/uploads/2015/06/JL-Audio-C2-650-Test-151x189.jpg 151w, http://www.radio-adapter.eu/blog/wp-content/uploads/2015/06/JL-Audio-C2-650-Test-275x344.jpg 275w" /></p>
<h3> <strong>Weitere JL-Audio Testsiege:</strong></h3>
<p><a href="http://www.radio-adapter.eu/blog/wp-content/uploads/2015/08/Test-JL-Audio-C2-650x.jpg"><img loading="lazy" decoding="async" width="250" height="210" class="alignalignnone size-full wp-image-3779" src="http://www.radio-adapter.eu/blog/wp-content/uploads/2015/08/Test-JL-Audio-C2-650x.jpg" sizes="auto, (max-width: 250px) 100vw, 250px" srcset="http://www.radio-adapter.eu/blog/wp-content/uploads/2015/08/Test-JL-Audio-C2-650x.jpg 250w, http://www.radio-adapter.eu/blog/wp-content/uploads/2015/08/Test-JL-Audio-C2-650x-236x198.jpg 236w, http://www.radio-adapter.eu/blog/wp-content/uploads/2015/08/Test-JL-Audio-C2-650x-151x127.jpg 151w" alt="Test JL Audio C2 650x" /></a><a href="http://www.radio-adapter.eu/blog/wp-content/uploads/2015/08/Test-JL-Audio-C2-690x.jpg"><img loading="lazy" decoding="async" width="250" height="210" class="alignalignnone size-full wp-image-3780" src="http://www.radio-adapter.eu/blog/wp-content/uploads/2015/08/Test-JL-Audio-C2-690x.jpg" sizes="auto, (max-width: 250px) 100vw, 250px" srcset="http://www.radio-adapter.eu/blog/wp-content/uploads/2015/08/Test-JL-Audio-C2-690x.jpg 250w, http://www.radio-adapter.eu/blog/wp-content/uploads/2015/08/Test-JL-Audio-C2-690x-236x198.jpg 236w, http://www.radio-adapter.eu/blog/wp-content/uploads/2015/08/Test-JL-Audio-C2-690x-151x127.jpg 151w" alt="Test JL Audio C2 690x" /></a><a href="http://www.radio-adapter.eu/blog/wp-content/uploads/2015/08/Test-JL-Audio-C5-650.jpg"><img loading="lazy" decoding="async" width="250" height="210" class="alignalignnone size-full wp-image-3781" src="http://www.radio-adapter.eu/blog/wp-content/uploads/2015/08/Test-JL-Audio-C5-650.jpg" sizes="auto, (max-width: 250px) 100vw, 250px" srcset="http://www.radio-adapter.eu/blog/wp-content/uploads/2015/08/Test-JL-Audio-C5-650.jpg 250w, http://www.radio-adapter.eu/blog/wp-content/uploads/2015/08/Test-JL-Audio-C5-650-236x198.jpg 236w, http://www.radio-adapter.eu/blog/wp-content/uploads/2015/08/Test-JL-Audio-C5-650-151x127.jpg 151w" alt="Test JL Audio C5 650" /></a></p>
<p>&nbsp;</p>
<p>&nbsp;</p>
<p>Gratis VW Golf IV Lautsprecher Einbau Anleitungen</p>
<h3><a href="http://www.radio-adapter.eu/blog/anleitung-lautsprecher-wechsel-vw-golf-iv/" target="_blank" rel="noopener noreferrer">Anleitung Lautsprecher wechsel VW Golf IV</a></h3>
<p>Der Lautsprecher Einbau hängt von den handwerklichen Fähigkeiten des Anwenders ab, um zu einen guten Ergebnis zu kommen sollte man die Anleitungen für den Einbau der VW Golf IV Lautsprecher vorne hinten ansehen. Unsachgemäßer Einbau führt zu einem schlechten Ergebnis im Klang und Pegel.</p>
<p>Die Grundvoraussetzung für eine eigene Installation ist das passende Werkzeug, die einzelnen Schritte der Demontage der Türverkleidung und das Entfernen der originalen Lautsprecher werden in der Anleitung beschrieben.</p>
<p>Die originalen Lautsprecher in dem Fahrzeug sind mit Ringen aus Kunststoff an die Türbleche genietet. Die originalen Lautsprecher müssen mit der Halterung ausgebohrt werden um die neuen Lautsprecher mit den im Lieferumfang enthaltenen Lautsprecherringen zu montieren.</p>
<p>&nbsp;</p>

<p>Dieses Auto Lautsprecher Einbauset, VW Golf IV Lautsprecher vorne hinten 4 Hochtöner ist für den Austausch des Standard Lautsprechersystems in VW Golf IV Fünftürer geeignet.</p>
